{"id":378,"date":"2020-01-27T16:40:30","date_gmt":"2020-01-27T16:40:30","guid":{"rendered":"https:\/\/gardeninnresidences.com.ar\/web\/?page_id=378"},"modified":"2020-01-27T18:59:44","modified_gmt":"2020-01-27T18:59:44","slug":"d3oa","status":"publish","type":"page","link":"https:\/\/gardeninnresidences.com.ar\/web\/d3oa\/","title":{"rendered":"Departamento 3 dormitorios. Opci\u00f3n A"},"content":{"rendered":"<div id=\"pl-gb378-69f133c5c8cf2\"  class=\"panel-layout\" ><div id=\"pg-gb378-69f133c5c8cf2-0\"  class=\"panel-grid panel-no-style\" ><div id=\"pgc-gb378-69f133c5c8cf2-0-0\"  class=\"panel-grid-cell\" ><div id=\"panel-gb378-69f133c5c8cf2-0-0-0\" class=\"so-panel widget widget_sow-editor panel-first-child\" data-index=\"0\" ><div\n\t\t\t\n\t\t\tclass=\"so-widget-sow-editor so-widget-sow-editor-base\"\n\t\t\t\n\t\t><h3 class=\"widget-title\">Superficie 148 m2 aprox.<\/h3>\n<div class=\"siteorigin-widget-tinymce textwidget\">\n\t<\/div>\n<\/div><\/div><div id=\"panel-gb378-69f133c5c8cf2-0-0-1\" class=\"so-panel widget widget_media_image\" data-index=\"1\" ><img loading=\"lazy\" decoding=\"async\" width=\"1000\" height=\"949\" src=\"https:\/\/gardeninnresidences.com.ar\/web\/wp-content\/uploads\/2020\/01\/3dA-2.png\" class=\"image wp-image-397  attachment-full size-full\" alt=\"\" style=\"max-width: 100%; height: auto;\" srcset=\"https:\/\/gardeninnresidences.com.ar\/web\/wp-content\/uploads\/2020\/01\/3dA-2.png 1000w, https:\/\/gardeninnresidences.com.ar\/web\/wp-content\/uploads\/2020\/01\/3dA-2-300x285.png 300w, https:\/\/gardeninnresidences.com.ar\/web\/wp-content\/uploads\/2020\/01\/3dA-2-768x729.png 768w\" sizes=\"auto, (max-width: 1000px) 100vw, 1000px\" \/><\/div><div id=\"panel-gb378-69f133c5c8cf2-0-0-2\" class=\"so-panel widget widget_text panel-last-child\" data-index=\"2\" >\t\t\t<div class=\"textwidget\"><h6>Las im\u00e1genes y superficies son meramente ilustrativas, aproximadas y orientativas; y est\u00e1n sujetos a cambios.<\/h6>\n<\/div>\n\t\t<\/div><\/div><\/div><\/div>","protected":false},"excerpt":{"rendered":"<p>Las im\u00e1genes y superficies son meramente ilustrativas, aproximadas y orientativas; y est\u00e1n sujetos a cambios.<\/p>\n","protected":false},"author":2,"featured_media":0,"parent":0,"menu_order":0,"comment_status":"closed","ping_status":"closed","template":"","meta":{"om_disable_all_campaigns":false,"_monsterinsights_skip_tracking":false,"_monsterinsights_sitenote_active":false,"_monsterinsights_sitenote_note":"","_monsterinsights_sitenote_category":0,"_uf_show_specific_survey":0,"_uf_disable_surveys":false,"ngg_post_thumbnail":0,"_joinchat":[],"footnotes":""},"class_list":["post-378","page","type-page","status-publish","hentry","post"],"yoast_head":"<!-- This site is optimized with the Yoast SEO plugin v27.4 - https:\/\/yoast.com\/product\/yoast-seo-wordpress\/ -->\n<title>Departamento 3 dormitorios. Opci\u00f3n A - GARDEN INN<\/title>\n<meta name=\"robots\" content=\"index, follow, max-snippet:-1, max-image-preview:large, max-video-preview:-1\" \/>\n<link rel=\"canonical\" href=\"https:\/\/gardeninnresidences.com.ar\/web\/d3oa\/\" \/>\n<meta property=\"og:locale\" content=\"es_ES\" \/>\n<meta property=\"og:type\" content=\"article\" \/>\n<meta property=\"og:title\" content=\"Departamento 3 dormitorios. Opci\u00f3n A - GARDEN INN\" \/>\n<meta property=\"og:description\" content=\"Las im\u00e1genes y superficies son meramente ilustrativas, aproximadas y orientativas; y est\u00e1n sujetos a cambios.\" \/>\n<meta property=\"og:url\" content=\"https:\/\/gardeninnresidences.com.ar\/web\/d3oa\/\" \/>\n<meta property=\"og:site_name\" content=\"GARDEN INN\" \/>\n<meta property=\"article:modified_time\" content=\"2020-01-27T18:59:44+00:00\" \/>\n<meta name=\"twitter:card\" content=\"summary_large_image\" \/>\n<script type=\"application\/ld+json\" class=\"yoast-schema-graph\">{\"@context\":\"https:\\\/\\\/schema.org\",\"@graph\":[{\"@type\":\"WebPage\",\"@id\":\"https:\\\/\\\/gardeninnresidences.com.ar\\\/web\\\/d3oa\\\/\",\"url\":\"https:\\\/\\\/gardeninnresidences.com.ar\\\/web\\\/d3oa\\\/\",\"name\":\"Departamento 3 dormitorios. Opci\u00f3n A - GARDEN INN\",\"isPartOf\":{\"@id\":\"https:\\\/\\\/gardeninnresidences.com.ar\\\/web\\\/#website\"},\"datePublished\":\"2020-01-27T16:40:30+00:00\",\"dateModified\":\"2020-01-27T18:59:44+00:00\",\"breadcrumb\":{\"@id\":\"https:\\\/\\\/gardeninnresidences.com.ar\\\/web\\\/d3oa\\\/#breadcrumb\"},\"inLanguage\":\"es\",\"potentialAction\":[{\"@type\":\"ReadAction\",\"target\":[\"https:\\\/\\\/gardeninnresidences.com.ar\\\/web\\\/d3oa\\\/\"]}]},{\"@type\":\"BreadcrumbList\",\"@id\":\"https:\\\/\\\/gardeninnresidences.com.ar\\\/web\\\/d3oa\\\/#breadcrumb\",\"itemListElement\":[{\"@type\":\"ListItem\",\"position\":1,\"name\":\"Portada\",\"item\":\"https:\\\/\\\/gardeninnresidences.com.ar\\\/web\\\/\"},{\"@type\":\"ListItem\",\"position\":2,\"name\":\"Departamento 3 dormitorios. Opci\u00f3n A\"}]},{\"@type\":\"WebSite\",\"@id\":\"https:\\\/\\\/gardeninnresidences.com.ar\\\/web\\\/#website\",\"url\":\"https:\\\/\\\/gardeninnresidences.com.ar\\\/web\\\/\",\"name\":\"GARDEN INN\",\"description\":\"\",\"publisher\":{\"@id\":\"https:\\\/\\\/gardeninnresidences.com.ar\\\/web\\\/#organization\"},\"potentialAction\":[{\"@type\":\"SearchAction\",\"target\":{\"@type\":\"EntryPoint\",\"urlTemplate\":\"https:\\\/\\\/gardeninnresidences.com.ar\\\/web\\\/?s={search_term_string}\"},\"query-input\":{\"@type\":\"PropertyValueSpecification\",\"valueRequired\":true,\"valueName\":\"search_term_string\"}}],\"inLanguage\":\"es\"},{\"@type\":\"Organization\",\"@id\":\"https:\\\/\\\/gardeninnresidences.com.ar\\\/web\\\/#organization\",\"name\":\"Garden Inn Residences\",\"url\":\"https:\\\/\\\/gardeninnresidences.com.ar\\\/web\\\/\",\"logo\":{\"@type\":\"ImageObject\",\"inLanguage\":\"es\",\"@id\":\"https:\\\/\\\/gardeninnresidences.com.ar\\\/web\\\/#\\\/schema\\\/logo\\\/image\\\/\",\"url\":\"https:\\\/\\\/gardeninnresidences.com.ar\\\/web\\\/wp-content\\\/uploads\\\/2019\\\/11\\\/logo.png\",\"contentUrl\":\"https:\\\/\\\/gardeninnresidences.com.ar\\\/web\\\/wp-content\\\/uploads\\\/2019\\\/11\\\/logo.png\",\"width\":310,\"height\":80,\"caption\":\"Garden Inn Residences\"},\"image\":{\"@id\":\"https:\\\/\\\/gardeninnresidences.com.ar\\\/web\\\/#\\\/schema\\\/logo\\\/image\\\/\"}}]}<\/script>\n<!-- \/ Yoast SEO plugin. -->","yoast_head_json":{"title":"Departamento 3 dormitorios. Opci\u00f3n A - GARDEN INN","robots":{"index":"index","follow":"follow","max-snippet":"max-snippet:-1","max-image-preview":"max-image-preview:large","max-video-preview":"max-video-preview:-1"},"canonical":"https:\/\/gardeninnresidences.com.ar\/web\/d3oa\/","og_locale":"es_ES","og_type":"article","og_title":"Departamento 3 dormitorios. Opci\u00f3n A - GARDEN INN","og_description":"Las im\u00e1genes y superficies son meramente ilustrativas, aproximadas y orientativas; y est\u00e1n sujetos a cambios.","og_url":"https:\/\/gardeninnresidences.com.ar\/web\/d3oa\/","og_site_name":"GARDEN INN","article_modified_time":"2020-01-27T18:59:44+00:00","twitter_card":"summary_large_image","schema":{"@context":"https:\/\/schema.org","@graph":[{"@type":"WebPage","@id":"https:\/\/gardeninnresidences.com.ar\/web\/d3oa\/","url":"https:\/\/gardeninnresidences.com.ar\/web\/d3oa\/","name":"Departamento 3 dormitorios. Opci\u00f3n A - GARDEN INN","isPartOf":{"@id":"https:\/\/gardeninnresidences.com.ar\/web\/#website"},"datePublished":"2020-01-27T16:40:30+00:00","dateModified":"2020-01-27T18:59:44+00:00","breadcrumb":{"@id":"https:\/\/gardeninnresidences.com.ar\/web\/d3oa\/#breadcrumb"},"inLanguage":"es","potentialAction":[{"@type":"ReadAction","target":["https:\/\/gardeninnresidences.com.ar\/web\/d3oa\/"]}]},{"@type":"BreadcrumbList","@id":"https:\/\/gardeninnresidences.com.ar\/web\/d3oa\/#breadcrumb","itemListElement":[{"@type":"ListItem","position":1,"name":"Portada","item":"https:\/\/gardeninnresidences.com.ar\/web\/"},{"@type":"ListItem","position":2,"name":"Departamento 3 dormitorios. Opci\u00f3n A"}]},{"@type":"WebSite","@id":"https:\/\/gardeninnresidences.com.ar\/web\/#website","url":"https:\/\/gardeninnresidences.com.ar\/web\/","name":"GARDEN INN","description":"","publisher":{"@id":"https:\/\/gardeninnresidences.com.ar\/web\/#organization"},"potentialAction":[{"@type":"SearchAction","target":{"@type":"EntryPoint","urlTemplate":"https:\/\/gardeninnresidences.com.ar\/web\/?s={search_term_string}"},"query-input":{"@type":"PropertyValueSpecification","valueRequired":true,"valueName":"search_term_string"}}],"inLanguage":"es"},{"@type":"Organization","@id":"https:\/\/gardeninnresidences.com.ar\/web\/#organization","name":"Garden Inn Residences","url":"https:\/\/gardeninnresidences.com.ar\/web\/","logo":{"@type":"ImageObject","inLanguage":"es","@id":"https:\/\/gardeninnresidences.com.ar\/web\/#\/schema\/logo\/image\/","url":"https:\/\/gardeninnresidences.com.ar\/web\/wp-content\/uploads\/2019\/11\/logo.png","contentUrl":"https:\/\/gardeninnresidences.com.ar\/web\/wp-content\/uploads\/2019\/11\/logo.png","width":310,"height":80,"caption":"Garden Inn Residences"},"image":{"@id":"https:\/\/gardeninnresidences.com.ar\/web\/#\/schema\/logo\/image\/"}}]}},"_links":{"self":[{"href":"https:\/\/gardeninnresidences.com.ar\/web\/wp-json\/wp\/v2\/pages\/378","targetHints":{"allow":["GET"]}}],"collection":[{"href":"https:\/\/gardeninnresidences.com.ar\/web\/wp-json\/wp\/v2\/pages"}],"about":[{"href":"https:\/\/gardeninnresidences.com.ar\/web\/wp-json\/wp\/v2\/types\/page"}],"author":[{"embeddable":true,"href":"https:\/\/gardeninnresidences.com.ar\/web\/wp-json\/wp\/v2\/users\/2"}],"replies":[{"embeddable":true,"href":"https:\/\/gardeninnresidences.com.ar\/web\/wp-json\/wp\/v2\/comments?post=378"}],"version-history":[{"count":5,"href":"https:\/\/gardeninnresidences.com.ar\/web\/wp-json\/wp\/v2\/pages\/378\/revisions"}],"predecessor-version":[{"id":398,"href":"https:\/\/gardeninnresidences.com.ar\/web\/wp-json\/wp\/v2\/pages\/378\/revisions\/398"}],"wp:attachment":[{"href":"https:\/\/gardeninnresidences.com.ar\/web\/wp-json\/wp\/v2\/media?parent=378"}],"curies":[{"name":"wp","href":"https:\/\/api.w.org\/{rel}","templated":true}]}}

Departamento 3 dormitorios. Opción A

<div id="pl-gb378-69f133c5c8cf2"  class="panel-layout" ><div id="pg-gb378-69f133c5c8cf2-0"  class="panel-grid panel-no-style" ><div id="pgc-gb378-69f133c5c8cf2-0-0"  class="panel-grid-cell" ><div id="panel-gb378-69f133c5c8cf2-0-0-0" class="so-panel widget widget_sow-editor panel-first-child" data-index="0" ><div
			
			class="so-widget-sow-editor so-widget-sow-editor-base"
			
		><h3 class="widget-title">Superficie 148 m2 aprox.</h3>
<div class="siteorigin-widget-tinymce textwidget">
	</div>
</div></div><div id="panel-gb378-69f133c5c8cf2-0-0-1" class="so-panel widget widget_media_image" data-index="1" ><img loading="lazy" decoding="async" width="1000" height="949" src="https://gardeninnresidences.com.ar/web/wp-content/uploads/2020/01/3dA-2.png" class="image wp-image-397  attachment-full size-full" alt="" style="max-width: 100%; height: auto;" srcset="https://gardeninnresidences.com.ar/web/wp-content/uploads/2020/01/3dA-2.png 1000w, https://gardeninnresidences.com.ar/web/wp-content/uploads/2020/01/3dA-2-300x285.png 300w, https://gardeninnresidences.com.ar/web/wp-content/uploads/2020/01/3dA-2-768x729.png 768w" sizes="auto, (max-width: 1000px) 100vw, 1000px" /></div><div id="panel-gb378-69f133c5c8cf2-0-0-2" class="so-panel widget widget_text panel-last-child" data-index="2" >			<div class="textwidget"><h6>Las imágenes y superficies son meramente ilustrativas, aproximadas y orientativas; y están sujetos a cambios.</h6>
</div>
		</div></div></div></div>

<p>Las imágenes y superficies son meramente ilustrativas, aproximadas y orientativas; y están sujetos a cambios.</p>

<!-- This site is optimized with the Yoast SEO plugin v27.4 - https://yoast.com/product/yoast-seo-wordpress/ -->
<title>Departamento 3 dormitorios. Opción A - GARDEN INN</title>
<meta name="robots" content="index, follow, max-snippet:-1, max-image-preview:large, max-video-preview:-1" />
<link rel="canonical" href="https://gardeninnresidences.com.ar/web/d3oa/" />
<meta property="og:locale" content="es_ES" />
<meta property="og:type" content="article" />
<meta property="og:title" content="Departamento 3 dormitorios. Opción A - GARDEN INN" />
<meta property="og:description" content="Las imágenes y superficies son meramente ilustrativas, aproximadas y orientativas; y están sujetos a cambios." />
<meta property="og:url" content="https://gardeninnresidences.com.ar/web/d3oa/" />
<meta property="og:site_name" content="GARDEN INN" />
<meta property="article:modified_time" content="2020-01-27T18:59:44+00:00" />
<meta name="twitter:card" content="summary_large_image" />
<script type="application/ld+json" class="yoast-schema-graph">{"@context":"https:\/\/schema.org","@graph":[{"@type":"WebPage","@id":"https:\/\/gardeninnresidences.com.ar\/web\/d3oa\/","url":"https:\/\/gardeninnresidences.com.ar\/web\/d3oa\/","name":"Departamento 3 dormitorios. Opción A - GARDEN INN","isPartOf":{"@id":"https:\/\/gardeninnresidences.com.ar\/web\/#website"},"datePublished":"2020-01-27T16:40:30+00:00","dateModified":"2020-01-27T18:59:44+00:00","breadcrumb":{"@id":"https:\/\/gardeninnresidences.com.ar\/web\/d3oa\/#breadcrumb"},"inLanguage":"es","potentialAction":[{"@type":"ReadAction","target":["https:\/\/gardeninnresidences.com.ar\/web\/d3oa\/"]}]},{"@type":"BreadcrumbList","@id":"https:\/\/gardeninnresidences.com.ar\/web\/d3oa\/#breadcrumb","itemListElement":[{"@type":"ListItem","position":1,"name":"Portada","item":"https:\/\/gardeninnresidences.com.ar\/web\/"},{"@type":"ListItem","position":2,"name":"Departamento 3 dormitorios. Opción A"}]},{"@type":"WebSite","@id":"https:\/\/gardeninnresidences.com.ar\/web\/#website","url":"https:\/\/gardeninnresidences.com.ar\/web\/","name":"GARDEN INN","description":"","publisher":{"@id":"https:\/\/gardeninnresidences.com.ar\/web\/#organization"},"potentialAction":[{"@type":"SearchAction","target":{"@type":"EntryPoint","urlTemplate":"https:\/\/gardeninnresidences.com.ar\/web\/?s={search_term_string}"},"query-input":{"@type":"PropertyValueSpecification","valueRequired":true,"valueName":"search_term_string"}}],"inLanguage":"es"},{"@type":"Organization","@id":"https:\/\/gardeninnresidences.com.ar\/web\/#organization","name":"Garden Inn Residences","url":"https:\/\/gardeninnresidences.com.ar\/web\/","logo":{"@type":"ImageObject","inLanguage":"es","@id":"https:\/\/gardeninnresidences.com.ar\/web\/#\/schema\/logo\/image\/","url":"https:\/\/gardeninnresidences.com.ar\/web\/wp-content\/uploads\/2019\/11\/logo.png","contentUrl":"https:\/\/gardeninnresidences.com.ar\/web\/wp-content\/uploads\/2019\/11\/logo.png","width":310,"height":80,"caption":"Garden Inn Residences"},"image":{"@id":"https:\/\/gardeninnresidences.com.ar\/web\/#\/schema\/logo\/image\/"}}]}</script>
<!-- / Yoast SEO plugin. -->

Departamento 3 dormitorios. Opción A - GARDEN INN

Las imágenes y superficies son meramente ilustrativas, aproximadas y orientativas; y están sujetos a cambios.
