{"id":217,"date":"2020-01-21T21:36:42","date_gmt":"2020-01-21T21:36:42","guid":{"rendered":"https:\/\/gardeninnresidences.com.ar\/web\/?page_id=217"},"modified":"2020-01-27T19:21:28","modified_gmt":"2020-01-27T19:21:28","slug":"departamento-3-dormitorios-opcion-b","status":"publish","type":"page","link":"https:\/\/gardeninnresidences.com.ar\/web\/departamento-3-dormitorios-opcion-b\/","title":{"rendered":"Penthouse Opci\u00f3n A"},"content":{"rendered":"<div id=\"pl-217\"  class=\"panel-layout\" >\n<div id=\"pg-217-0\"  class=\"panel-grid panel-no-style\" >\n<div id=\"pgc-217-0-0\"  class=\"panel-grid-cell\"  data-weight=\"1\" >\n<div id=\"panel-217-0-0-0\" class=\"so-panel widget widget_sow-editor panel-first-child panel-last-child\" data-index=\"0\" data-style=\"{&quot;background_image_attachment&quot;:false,&quot;background_display&quot;:&quot;tile&quot;}\" >\n<div class=\"so-widget-sow-editor so-widget-sow-editor-base\">\n<div class=\"siteorigin-widget-tinymce textwidget\">\n<h4>Superficie 148 m2 aprox.<\/h4>\n<\/div>\n<\/div>\n<\/div>\n<\/div>\n<\/div>\n<div id=\"pg-217-1\"  class=\"panel-grid panel-no-style\"  data-style=\"{&quot;background_image_attachment&quot;:false,&quot;background_display&quot;:&quot;tile&quot;,&quot;cell_alignment&quot;:&quot;flex-start&quot;}\"  data-ratio=\"1\"  data-ratio-direction=\"right\" >\n<div id=\"pgc-217-1-0\"  class=\"panel-grid-cell\"  data-weight=\"1\" >\n<div id=\"panel-217-1-0-0\" class=\"so-panel widget widget_media_image panel-first-child panel-last-child\" data-index=\"1\" data-style=\"{&quot;background_image_attachment&quot;:false,&quot;background_display&quot;:&quot;tile&quot;}\" ><img loading=\"lazy\" decoding=\"async\" width=\"1280\" height=\"801\" src=\"https:\/\/gardeninnresidences.com.ar\/web\/wp-content\/uploads\/2020\/01\/ph1-1.png\" class=\"image wp-image-405  attachment-full size-full\" alt=\"\" style=\"max-width: 100%; height: auto;\" srcset=\"https:\/\/gardeninnresidences.com.ar\/web\/wp-content\/uploads\/2020\/01\/ph1-1.png 1280w, https:\/\/gardeninnresidences.com.ar\/web\/wp-content\/uploads\/2020\/01\/ph1-1-300x188.png 300w, https:\/\/gardeninnresidences.com.ar\/web\/wp-content\/uploads\/2020\/01\/ph1-1-1024x641.png 1024w, https:\/\/gardeninnresidences.com.ar\/web\/wp-content\/uploads\/2020\/01\/ph1-1-768x481.png 768w, https:\/\/gardeninnresidences.com.ar\/web\/wp-content\/uploads\/2020\/01\/ph1-1-436x272.png 436w\" sizes=\"auto, (max-width: 1280px) 100vw, 1280px\" \/><\/div>\n<\/div>\n<\/div>\n<div id=\"pg-217-2\"  class=\"panel-grid panel-no-style\"  data-style=\"{&quot;background_image_attachment&quot;:false,&quot;background_display&quot;:&quot;tile&quot;,&quot;cell_alignment&quot;:&quot;flex-start&quot;}\"  data-ratio=\"1\"  data-ratio-direction=\"right\" >\n<div id=\"pgc-217-2-0\"  class=\"panel-grid-cell\"  data-weight=\"1\" >\n<div id=\"panel-217-2-0-0\" class=\"so-panel widget widget_text panel-first-child panel-last-child\" data-index=\"2\" data-style=\"{&quot;background_image_attachment&quot;:false,&quot;background_display&quot;:&quot;tile&quot;}\" >\n<div class=\"textwidget\">\n<p>Las im\u00e1genes y superficies son meramente ilustrativas, aproximadas y orientativas; y est\u00e1n sujetos a cambios.<\/p>\n<\/div><\/div>\n<\/div>\n<\/div>\n<\/div>\n","protected":false},"excerpt":{"rendered":"<p>Superficie 148 m2 aprox. Las im\u00e1genes y superficies son meramente ilustrativas, aproximadas y orientativas; y est\u00e1n sujetos a cambios.<\/p>\n","protected":false},"author":2,"featured_media":0,"parent":0,"menu_order":0,"comment_status":"closed","ping_status":"closed","template":"","meta":{"om_disable_all_campaigns":false,"_monsterinsights_skip_tracking":false,"_monsterinsights_sitenote_active":false,"_monsterinsights_sitenote_note":"","_monsterinsights_sitenote_category":0,"_uf_show_specific_survey":0,"_uf_disable_surveys":false,"ngg_post_thumbnail":0,"_joinchat":[],"footnotes":""},"class_list":["post-217","page","type-page","status-publish","hentry","post"],"yoast_head":"<!-- This site is optimized with the Yoast SEO plugin v27.4 - https:\/\/yoast.com\/product\/yoast-seo-wordpress\/ -->\n<title>Penthouse Opci\u00f3n A - GARDEN INN<\/title>\n<meta name=\"robots\" content=\"index, follow, max-snippet:-1, max-image-preview:large, max-video-preview:-1\" \/>\n<link rel=\"canonical\" href=\"https:\/\/gardeninnresidences.com.ar\/web\/departamento-3-dormitorios-opcion-b\/\" \/>\n<meta property=\"og:locale\" content=\"es_ES\" \/>\n<meta property=\"og:type\" content=\"article\" \/>\n<meta property=\"og:title\" content=\"Penthouse Opci\u00f3n A - GARDEN INN\" \/>\n<meta property=\"og:description\" content=\"Superficie 148 m2 aprox. Las im\u00e1genes y superficies son meramente ilustrativas, aproximadas y orientativas; y est\u00e1n sujetos a cambios.\" \/>\n<meta property=\"og:url\" content=\"https:\/\/gardeninnresidences.com.ar\/web\/departamento-3-dormitorios-opcion-b\/\" \/>\n<meta property=\"og:site_name\" content=\"GARDEN INN\" \/>\n<meta property=\"article:modified_time\" content=\"2020-01-27T19:21:28+00:00\" \/>\n<meta name=\"twitter:card\" content=\"summary_large_image\" \/>\n<script type=\"application\/ld+json\" class=\"yoast-schema-graph\">{\"@context\":\"https:\\\/\\\/schema.org\",\"@graph\":[{\"@type\":\"WebPage\",\"@id\":\"https:\\\/\\\/gardeninnresidences.com.ar\\\/web\\\/departamento-3-dormitorios-opcion-b\\\/\",\"url\":\"https:\\\/\\\/gardeninnresidences.com.ar\\\/web\\\/departamento-3-dormitorios-opcion-b\\\/\",\"name\":\"Penthouse Opci\u00f3n A - GARDEN INN\",\"isPartOf\":{\"@id\":\"https:\\\/\\\/gardeninnresidences.com.ar\\\/web\\\/#website\"},\"datePublished\":\"2020-01-21T21:36:42+00:00\",\"dateModified\":\"2020-01-27T19:21:28+00:00\",\"breadcrumb\":{\"@id\":\"https:\\\/\\\/gardeninnresidences.com.ar\\\/web\\\/departamento-3-dormitorios-opcion-b\\\/#breadcrumb\"},\"inLanguage\":\"es\",\"potentialAction\":[{\"@type\":\"ReadAction\",\"target\":[\"https:\\\/\\\/gardeninnresidences.com.ar\\\/web\\\/departamento-3-dormitorios-opcion-b\\\/\"]}]},{\"@type\":\"BreadcrumbList\",\"@id\":\"https:\\\/\\\/gardeninnresidences.com.ar\\\/web\\\/departamento-3-dormitorios-opcion-b\\\/#breadcrumb\",\"itemListElement\":[{\"@type\":\"ListItem\",\"position\":1,\"name\":\"Portada\",\"item\":\"https:\\\/\\\/gardeninnresidences.com.ar\\\/web\\\/\"},{\"@type\":\"ListItem\",\"position\":2,\"name\":\"Penthouse Opci\u00f3n A\"}]},{\"@type\":\"WebSite\",\"@id\":\"https:\\\/\\\/gardeninnresidences.com.ar\\\/web\\\/#website\",\"url\":\"https:\\\/\\\/gardeninnresidences.com.ar\\\/web\\\/\",\"name\":\"GARDEN INN\",\"description\":\"\",\"publisher\":{\"@id\":\"https:\\\/\\\/gardeninnresidences.com.ar\\\/web\\\/#organization\"},\"potentialAction\":[{\"@type\":\"SearchAction\",\"target\":{\"@type\":\"EntryPoint\",\"urlTemplate\":\"https:\\\/\\\/gardeninnresidences.com.ar\\\/web\\\/?s={search_term_string}\"},\"query-input\":{\"@type\":\"PropertyValueSpecification\",\"valueRequired\":true,\"valueName\":\"search_term_string\"}}],\"inLanguage\":\"es\"},{\"@type\":\"Organization\",\"@id\":\"https:\\\/\\\/gardeninnresidences.com.ar\\\/web\\\/#organization\",\"name\":\"Garden Inn Residences\",\"url\":\"https:\\\/\\\/gardeninnresidences.com.ar\\\/web\\\/\",\"logo\":{\"@type\":\"ImageObject\",\"inLanguage\":\"es\",\"@id\":\"https:\\\/\\\/gardeninnresidences.com.ar\\\/web\\\/#\\\/schema\\\/logo\\\/image\\\/\",\"url\":\"https:\\\/\\\/gardeninnresidences.com.ar\\\/web\\\/wp-content\\\/uploads\\\/2019\\\/11\\\/logo.png\",\"contentUrl\":\"https:\\\/\\\/gardeninnresidences.com.ar\\\/web\\\/wp-content\\\/uploads\\\/2019\\\/11\\\/logo.png\",\"width\":310,\"height\":80,\"caption\":\"Garden Inn Residences\"},\"image\":{\"@id\":\"https:\\\/\\\/gardeninnresidences.com.ar\\\/web\\\/#\\\/schema\\\/logo\\\/image\\\/\"}}]}<\/script>\n<!-- \/ Yoast SEO plugin. -->","yoast_head_json":{"title":"Penthouse Opci\u00f3n A - GARDEN INN","robots":{"index":"index","follow":"follow","max-snippet":"max-snippet:-1","max-image-preview":"max-image-preview:large","max-video-preview":"max-video-preview:-1"},"canonical":"https:\/\/gardeninnresidences.com.ar\/web\/departamento-3-dormitorios-opcion-b\/","og_locale":"es_ES","og_type":"article","og_title":"Penthouse Opci\u00f3n A - GARDEN INN","og_description":"Superficie 148 m2 aprox. Las im\u00e1genes y superficies son meramente ilustrativas, aproximadas y orientativas; y est\u00e1n sujetos a cambios.","og_url":"https:\/\/gardeninnresidences.com.ar\/web\/departamento-3-dormitorios-opcion-b\/","og_site_name":"GARDEN INN","article_modified_time":"2020-01-27T19:21:28+00:00","twitter_card":"summary_large_image","schema":{"@context":"https:\/\/schema.org","@graph":[{"@type":"WebPage","@id":"https:\/\/gardeninnresidences.com.ar\/web\/departamento-3-dormitorios-opcion-b\/","url":"https:\/\/gardeninnresidences.com.ar\/web\/departamento-3-dormitorios-opcion-b\/","name":"Penthouse Opci\u00f3n A - GARDEN INN","isPartOf":{"@id":"https:\/\/gardeninnresidences.com.ar\/web\/#website"},"datePublished":"2020-01-21T21:36:42+00:00","dateModified":"2020-01-27T19:21:28+00:00","breadcrumb":{"@id":"https:\/\/gardeninnresidences.com.ar\/web\/departamento-3-dormitorios-opcion-b\/#breadcrumb"},"inLanguage":"es","potentialAction":[{"@type":"ReadAction","target":["https:\/\/gardeninnresidences.com.ar\/web\/departamento-3-dormitorios-opcion-b\/"]}]},{"@type":"BreadcrumbList","@id":"https:\/\/gardeninnresidences.com.ar\/web\/departamento-3-dormitorios-opcion-b\/#breadcrumb","itemListElement":[{"@type":"ListItem","position":1,"name":"Portada","item":"https:\/\/gardeninnresidences.com.ar\/web\/"},{"@type":"ListItem","position":2,"name":"Penthouse Opci\u00f3n A"}]},{"@type":"WebSite","@id":"https:\/\/gardeninnresidences.com.ar\/web\/#website","url":"https:\/\/gardeninnresidences.com.ar\/web\/","name":"GARDEN INN","description":"","publisher":{"@id":"https:\/\/gardeninnresidences.com.ar\/web\/#organization"},"potentialAction":[{"@type":"SearchAction","target":{"@type":"EntryPoint","urlTemplate":"https:\/\/gardeninnresidences.com.ar\/web\/?s={search_term_string}"},"query-input":{"@type":"PropertyValueSpecification","valueRequired":true,"valueName":"search_term_string"}}],"inLanguage":"es"},{"@type":"Organization","@id":"https:\/\/gardeninnresidences.com.ar\/web\/#organization","name":"Garden Inn Residences","url":"https:\/\/gardeninnresidences.com.ar\/web\/","logo":{"@type":"ImageObject","inLanguage":"es","@id":"https:\/\/gardeninnresidences.com.ar\/web\/#\/schema\/logo\/image\/","url":"https:\/\/gardeninnresidences.com.ar\/web\/wp-content\/uploads\/2019\/11\/logo.png","contentUrl":"https:\/\/gardeninnresidences.com.ar\/web\/wp-content\/uploads\/2019\/11\/logo.png","width":310,"height":80,"caption":"Garden Inn Residences"},"image":{"@id":"https:\/\/gardeninnresidences.com.ar\/web\/#\/schema\/logo\/image\/"}}]}},"_links":{"self":[{"href":"https:\/\/gardeninnresidences.com.ar\/web\/wp-json\/wp\/v2\/pages\/217","targetHints":{"allow":["GET"]}}],"collection":[{"href":"https:\/\/gardeninnresidences.com.ar\/web\/wp-json\/wp\/v2\/pages"}],"about":[{"href":"https:\/\/gardeninnresidences.com.ar\/web\/wp-json\/wp\/v2\/types\/page"}],"author":[{"embeddable":true,"href":"https:\/\/gardeninnresidences.com.ar\/web\/wp-json\/wp\/v2\/users\/2"}],"replies":[{"embeddable":true,"href":"https:\/\/gardeninnresidences.com.ar\/web\/wp-json\/wp\/v2\/comments?post=217"}],"version-history":[{"count":19,"href":"https:\/\/gardeninnresidences.com.ar\/web\/wp-json\/wp\/v2\/pages\/217\/revisions"}],"predecessor-version":[{"id":407,"href":"https:\/\/gardeninnresidences.com.ar\/web\/wp-json\/wp\/v2\/pages\/217\/revisions\/407"}],"wp:attachment":[{"href":"https:\/\/gardeninnresidences.com.ar\/web\/wp-json\/wp\/v2\/media?parent=217"}],"curies":[{"name":"wp","href":"https:\/\/api.w.org\/{rel}","templated":true}]}}

Penthouse Opción A

<div id="pl-217"  class="panel-layout" >
<div id="pg-217-0"  class="panel-grid panel-no-style" >
<div id="pgc-217-0-0"  class="panel-grid-cell"  data-weight="1" >
<div id="panel-217-0-0-0" class="so-panel widget widget_sow-editor panel-first-child panel-last-child" data-index="0" data-style="{&quot;background_image_attachment&quot;:false,&quot;background_display&quot;:&quot;tile&quot;}" >
<div class="so-widget-sow-editor so-widget-sow-editor-base">
<div class="siteorigin-widget-tinymce textwidget">
<h4>Superficie 148 m2 aprox.</h4>
</div>
</div>
</div>
</div>
</div>
<div id="pg-217-1"  class="panel-grid panel-no-style"  data-style="{&quot;background_image_attachment&quot;:false,&quot;background_display&quot;:&quot;tile&quot;,&quot;cell_alignment&quot;:&quot;flex-start&quot;}"  data-ratio="1"  data-ratio-direction="right" >
<div id="pgc-217-1-0"  class="panel-grid-cell"  data-weight="1" >
<div id="panel-217-1-0-0" class="so-panel widget widget_media_image panel-first-child panel-last-child" data-index="1" data-style="{&quot;background_image_attachment&quot;:false,&quot;background_display&quot;:&quot;tile&quot;}" ><img loading="lazy" decoding="async" width="1280" height="801" src="https://gardeninnresidences.com.ar/web/wp-content/uploads/2020/01/ph1-1.png" class="image wp-image-405  attachment-full size-full" alt="" style="max-width: 100%; height: auto;" srcset="https://gardeninnresidences.com.ar/web/wp-content/uploads/2020/01/ph1-1.png 1280w, https://gardeninnresidences.com.ar/web/wp-content/uploads/2020/01/ph1-1-300x188.png 300w, https://gardeninnresidences.com.ar/web/wp-content/uploads/2020/01/ph1-1-1024x641.png 1024w, https://gardeninnresidences.com.ar/web/wp-content/uploads/2020/01/ph1-1-768x481.png 768w, https://gardeninnresidences.com.ar/web/wp-content/uploads/2020/01/ph1-1-436x272.png 436w" sizes="auto, (max-width: 1280px) 100vw, 1280px" /></div>
</div>
</div>
<div id="pg-217-2"  class="panel-grid panel-no-style"  data-style="{&quot;background_image_attachment&quot;:false,&quot;background_display&quot;:&quot;tile&quot;,&quot;cell_alignment&quot;:&quot;flex-start&quot;}"  data-ratio="1"  data-ratio-direction="right" >
<div id="pgc-217-2-0"  class="panel-grid-cell"  data-weight="1" >
<div id="panel-217-2-0-0" class="so-panel widget widget_text panel-first-child panel-last-child" data-index="2" data-style="{&quot;background_image_attachment&quot;:false,&quot;background_display&quot;:&quot;tile&quot;}" >
<div class="textwidget">
<p>Las imágenes y superficies son meramente ilustrativas, aproximadas y orientativas; y están sujetos a cambios.</p>
</div></div>
</div>
</div>
</div>

<p>Superficie 148 m2 aprox. Las imágenes y superficies son meramente ilustrativas, aproximadas y orientativas; y están sujetos a cambios.</p>

<!-- This site is optimized with the Yoast SEO plugin v27.4 - https://yoast.com/product/yoast-seo-wordpress/ -->
<title>Penthouse Opción A - GARDEN INN</title>
<meta name="robots" content="index, follow, max-snippet:-1, max-image-preview:large, max-video-preview:-1" />
<link rel="canonical" href="https://gardeninnresidences.com.ar/web/departamento-3-dormitorios-opcion-b/" />
<meta property="og:locale" content="es_ES" />
<meta property="og:type" content="article" />
<meta property="og:title" content="Penthouse Opción A - GARDEN INN" />
<meta property="og:description" content="Superficie 148 m2 aprox. Las imágenes y superficies son meramente ilustrativas, aproximadas y orientativas; y están sujetos a cambios." />
<meta property="og:url" content="https://gardeninnresidences.com.ar/web/departamento-3-dormitorios-opcion-b/" />
<meta property="og:site_name" content="GARDEN INN" />
<meta property="article:modified_time" content="2020-01-27T19:21:28+00:00" />
<meta name="twitter:card" content="summary_large_image" />
<script type="application/ld+json" class="yoast-schema-graph">{"@context":"https:\/\/schema.org","@graph":[{"@type":"WebPage","@id":"https:\/\/gardeninnresidences.com.ar\/web\/departamento-3-dormitorios-opcion-b\/","url":"https:\/\/gardeninnresidences.com.ar\/web\/departamento-3-dormitorios-opcion-b\/","name":"Penthouse Opción A - GARDEN INN","isPartOf":{"@id":"https:\/\/gardeninnresidences.com.ar\/web\/#website"},"datePublished":"2020-01-21T21:36:42+00:00","dateModified":"2020-01-27T19:21:28+00:00","breadcrumb":{"@id":"https:\/\/gardeninnresidences.com.ar\/web\/departamento-3-dormitorios-opcion-b\/#breadcrumb"},"inLanguage":"es","potentialAction":[{"@type":"ReadAction","target":["https:\/\/gardeninnresidences.com.ar\/web\/departamento-3-dormitorios-opcion-b\/"]}]},{"@type":"BreadcrumbList","@id":"https:\/\/gardeninnresidences.com.ar\/web\/departamento-3-dormitorios-opcion-b\/#breadcrumb","itemListElement":[{"@type":"ListItem","position":1,"name":"Portada","item":"https:\/\/gardeninnresidences.com.ar\/web\/"},{"@type":"ListItem","position":2,"name":"Penthouse Opción A"}]},{"@type":"WebSite","@id":"https:\/\/gardeninnresidences.com.ar\/web\/#website","url":"https:\/\/gardeninnresidences.com.ar\/web\/","name":"GARDEN INN","description":"","publisher":{"@id":"https:\/\/gardeninnresidences.com.ar\/web\/#organization"},"potentialAction":[{"@type":"SearchAction","target":{"@type":"EntryPoint","urlTemplate":"https:\/\/gardeninnresidences.com.ar\/web\/?s={search_term_string}"},"query-input":{"@type":"PropertyValueSpecification","valueRequired":true,"valueName":"search_term_string"}}],"inLanguage":"es"},{"@type":"Organization","@id":"https:\/\/gardeninnresidences.com.ar\/web\/#organization","name":"Garden Inn Residences","url":"https:\/\/gardeninnresidences.com.ar\/web\/","logo":{"@type":"ImageObject","inLanguage":"es","@id":"https:\/\/gardeninnresidences.com.ar\/web\/#\/schema\/logo\/image\/","url":"https:\/\/gardeninnresidences.com.ar\/web\/wp-content\/uploads\/2019\/11\/logo.png","contentUrl":"https:\/\/gardeninnresidences.com.ar\/web\/wp-content\/uploads\/2019\/11\/logo.png","width":310,"height":80,"caption":"Garden Inn Residences"},"image":{"@id":"https:\/\/gardeninnresidences.com.ar\/web\/#\/schema\/logo\/image\/"}}]}</script>
<!-- / Yoast SEO plugin. -->

Penthouse Opción A - GARDEN INN

Superficie 148 m2 aprox. Las imágenes y superficies son meramente ilustrativas, aproximadas y orientativas; y están sujetos a cambios.
